{"id":17,"date":"2025-11-04T18:23:10","date_gmt":"2025-11-04T18:23:10","guid":{"rendered":"https:\/\/congresos.ujat.mx\/ejita\/?page_id=17"},"modified":"2025-11-06T17:12:56","modified_gmt":"2025-11-06T17:12:56","slug":"contacto","status":"publish","type":"page","link":"https:\/\/congresos.ujat.mx\/ejita\/contacto\/","title":{"rendered":"Contacto"},"content":{"rendered":"\n<div class=\"wp-block-columns is-layout-flex wp-container-core-columns-is-layout-28f84493 wp-block-columns-is-layout-flex\">\n<div class=\"wp-block-column is-layout-flow wp-block-column-is-layout-flow\" style=\"flex-basis:33.33%\"><h2 class=\"wp-block-post-title\">Contacto<\/h2>\n\n\n<p><strong>Divisi\u00f3n Acad\u00e9mica de Ciencias Biol\u00f3gicas, <\/strong><br><strong>Cuerpo Acad\u00e9mico de Evaluaci\u00f3n y Tecnolog\u00eda Ambiental.\u00a0<\/strong><\/p>\n\n\n\n<p><strong>E_mail:\u00a0<\/strong><a href=\"mailto:caeta.ejita@gmail.com\">caeta.ejita@gmail.com<\/a>\u00a0<strong><em>(env\u00edo de resumenes).<\/em><\/strong><\/p>\n\n\n\n<p>Edificio H. Km 0.5 Carretera Villahermosa-C\u00e1rdenas. Entronque Bosques de Saloya.Col. Bosques de Saloya, Villahermosa, Tabasco.&nbsp;<\/p>\n\n\n\n<p><strong>CP 86039. Tel (993) 3 58 15 00 Ext. 6437.<\/strong><\/p>\n<\/div>\n\n\n\n<div class=\"wp-block-column is-layout-flow wp-block-column-is-layout-flow\" style=\"flex-basis:66.66%\">\n<iframe src=\"https:\/\/www.google.com\/maps\/embed?pb=!1m18!1m12!1m3!1d3794.763245059604!2d-92.97565662302813!3d17.98974868300391!2m3!1f0!2f0!3f0!3m2!1i1024!2i768!4f13.1!3m3!1m2!1s0x85edd62f96c255e5%3A0x7c49f19ef45fd213!2sDACBiol!5e0!3m2!1ses-419!2smx!4v1762448844888!5m2!1ses-419!2smx\" width=\"600\" height=\"450\" style=\"border:0;\" allowfullscreen=\"\" loading=\"lazy\" referrerpolicy=\"no-referrer-when-downgrade\"><\/iframe>\n<\/div>\n<\/div>\n","protected":false},"excerpt":{"rendered":"<p>Divisi\u00f3n Acad\u00e9mica de Ciencias Biol\u00f3gicas, Cuerpo Acad\u00e9mico de Evaluaci\u00f3n y Tecnolog\u00eda Ambiental.\u00a0 E_mail:\u00a0caeta.ejita@gmail.com\u00a0(env\u00edo de resumenes). Edificio H. Km 0.5 Carretera Villahermosa-C\u00e1rdenas. Entronque Bosques de Saloya.Col. Bosques de Saloya, Villahermosa, Tabasco.&nbsp; CP 86039. Tel (993) 3 58 15 00 Ext. 6437.<\/p>\n","protected":false},"author":1,"featured_media":0,"parent":0,"menu_order":0,"comment_status":"closed","ping_status":"closed","template":"","meta":{"saved_in_kubio":true,"footnotes":""},"class_list":["post-17","page","type-page","status-publish","hentry"],"kubio_ai_page_context":{"short_desc":"","purpose":"general"},"_links":{"self":[{"href":"https:\/\/congresos.ujat.mx\/ejita\/wp-json\/wp\/v2\/pages\/17","targetHints":{"allow":["GET"]}}],"collection":[{"href":"https:\/\/congresos.ujat.mx\/ejita\/wp-json\/wp\/v2\/pages"}],"about":[{"href":"https:\/\/congresos.ujat.mx\/ejita\/wp-json\/wp\/v2\/types\/page"}],"author":[{"embeddable":true,"href":"https:\/\/congresos.ujat.mx\/ejita\/wp-json\/wp\/v2\/users\/1"}],"replies":[{"embeddable":true,"href":"https:\/\/congresos.ujat.mx\/ejita\/wp-json\/wp\/v2\/comments?post=17"}],"version-history":[{"count":5,"href":"https:\/\/congresos.ujat.mx\/ejita\/wp-json\/wp\/v2\/pages\/17\/revisions"}],"predecessor-version":[{"id":199,"href":"https:\/\/congresos.ujat.mx\/ejita\/wp-json\/wp\/v2\/pages\/17\/revisions\/199"}],"wp:attachment":[{"href":"https:\/\/congresos.ujat.mx\/ejita\/wp-json\/wp\/v2\/media?parent=17"}],"curies":[{"name":"wp","href":"https:\/\/api.w.org\/{rel}","templated":true}]}}