{"id":2,"date":"2025-09-01T18:38:22","date_gmt":"2025-09-01T18:38:22","guid":{"rendered":"https:\/\/congresos.ujat.mx\/dacb\/?page_id=2"},"modified":"2025-09-03T19:47:42","modified_gmt":"2025-09-03T19:47:42","slug":"pagina-ejemplo","status":"publish","type":"page","link":"https:\/\/congresos.ujat.mx\/dacb\/","title":{"rendered":"Bienvenida"},"content":{"rendered":"\n<div class=\"wp-block-columns alignwide are-vertically-aligned-top is-layout-flex wp-container-core-columns-is-layout-28f84493 wp-block-columns-is-layout-flex\">\n<div class=\"wp-block-column is-vertically-aligned-top is-layout-flow wp-block-column-is-layout-flow\">\n<figure class=\"wp-block-image size-full\"><img decoding=\"async\" src=\"https:\/\/congresos.ujat.mx\/foromatematicas\/wp-content\/uploads\/2025\/09\/DACB.png\" alt=\"\" class=\"wp-image-11\"\/><\/figure>\n<\/div>\n\n\n\n<div class=\"wp-block-column is-vertically-aligned-top is-layout-flow wp-block-column-is-layout-flow\">\n<figure class=\"wp-block-image size-large\"><img decoding=\"async\" src=\"https:\/\/congresos.ujat.mx\/foromatematicas\/wp-content\/uploads\/2025\/09\/Logo-1-negro-1024x453.png\" alt=\"\" class=\"wp-image-60\"\/><\/figure>\n<\/div>\n<\/div>\n\n\n\n<div class=\"wp-block-columns alignwide are-vertically-aligned-top is-layout-flex wp-container-core-columns-is-layout-28f84493 wp-block-columns-is-layout-flex\">\n<div class=\"wp-block-column is-vertically-aligned-top is-layout-flow wp-block-column-is-layout-flow\">\n<p>En el marco del 40 aniversario de la Divisi\u00f3n Acad\u00e9mica de Ciencias B\u00e1sicas, la Universidad Ju\u00e1rez Aut\u00f3noma de Tabasco ha organizado el <strong><em>Congreso Internacional de las Ciencias B\u00e1sicas y sus aplicaciones<\/em><\/strong>, a celebrarse del 22 al 26 de septiembre de 2025. Dentro de las actividades de este congreso, el Grupo de Investigaci\u00f3n <strong>Procesamiento Digital de Im\u00e1genes<\/strong> extiende una cordial invitaci\u00f3n a participar en la segunda edici\u00f3n del <strong><em>Foro Internacional Visi\u00f3n Digital 2025 (FIVD 2025)<\/em><\/strong>, que se realizar\u00e1 de forma h\u00edbrida, en las instalaciones de la Divisi\u00f3n Acad\u00e9mica de Ciencias B\u00e1sicas y por medio del Aula Virtual Universitaria (<em>Microsoft Teams<\/em>), los d\u00edas 22, 23 y 24 de septiembre.<\/p>\n\n\n\n<p>Las im\u00e1genes digitales forman parte de nuestra vida cotidiana y han contribuido de manera notable al avance en diversos campos como la investigaci\u00f3n cient\u00edfica y tecnol\u00f3gica, la seguridad, la medicina, entre otros. El FIVD 2025 tiene como prop\u00f3sito reunir a investigadores, estudiantes y personas interesadas en conocer o compartir conocimientos sobre las distintas t\u00e9cnicas relacionadas con el procesamiento de im\u00e1genes digitales que usamos todos los d\u00edas.<\/p>\n\n\n\n<p> Entre los temas que se tratar\u00e1n en el Foro se encuentran la mejora de im\u00e1genes m\u00e9dicas, el an\u00e1lisis de im\u00e1genes a\u00e9reas y el reconocimiento facial, entre otros. Por ello, se contar\u00e1 con la participaci\u00f3n de expertos internacionales que ofrecer\u00e1n conferencias magistrales. Adem\u00e1s, se llevar\u00e1 a cabo un taller especializado, conferencias por invitaci\u00f3n y exposici\u00f3n de carteles dirigido a estudiantes, con el fin de fomentar el inter\u00e9s de las nuevas generaciones en estas \u00e1reas tecnol\u00f3gicas. El evento contar\u00e1 con conferencias plenarias y cursos. Adem\u00e1s, se ofrecer\u00e1n presentaciones orales y carteles bajo convocatoria.<\/p>\n<\/div>\n<\/div>\n\n\n\n<div class=\"wp-block-columns is-layout-flex wp-container-core-columns-is-layout-28f84493 wp-block-columns-is-layout-flex\">\n<div class=\"wp-block-column is-layout-flow wp-block-column-is-layout-flow\"><\/div>\n\n\n\n<div class=\"wp-block-column is-layout-flow wp-block-column-is-layout-flow\"><\/div>\n<\/div>\n\n\n\n<blockquote class=\"wp-block-quote is-layout-flow wp-block-quote-is-layout-flow\">\n<p><\/p>\n<\/blockquote>\n\n\n\n<div class=\"wp-block-columns is-layout-flex wp-container-core-columns-is-layout-28f84493 wp-block-columns-is-layout-flex\">\n<div class=\"wp-block-column is-layout-flow wp-block-column-is-layout-flow\">\n<p><strong>Carteles<\/strong><\/p>\n\n\n\n<p>Invitamos a todos los creativos, estudiantes y profesionales del dise\u00f1o a mostrar sus trabajos y\/o resultados dentro del tema de procesamiento digital de im\u00e1genes. Se invita a postular carteles considerando las bases. El cartel ser\u00e1 evaluado por los organizadores e invitados. Se entregar\u00e1n reconocimientos a los mejores carteles.<\/p>\n\n\n\n<p><strong>Fechas importantes del evento<\/strong><\/p>\n\n\n\n<ul class=\"wp-block-list\">\n<li>Fecha l\u00edmite para la recepci\u00f3n de res\u00famenes de ponencias y carteles: <strong>10 de agosto de 2025.<\/strong><\/li>\n\n\n\n<li>Fecha de publicaci\u00f3n de resultados: 20 <strong>de agosto.<\/strong><\/li>\n\n\n\n<li>Fecha l\u00edmite para registrarse como asistente: <strong>&nbsp;19 de agosto<\/strong>.<\/li>\n<\/ul>\n\n\n\n<p>Datos de contacto para mayor informaci\u00f3n:<br>Correo Electr\u00f3nico: forovisiondigital@gmail.com<\/p>\n<\/div>\n\n\n\n<div class=\"wp-block-column is-layout-flow wp-block-column-is-layout-flow\">\n<p><strong>Ponentes Invitados<\/strong><\/p>\n\n\n\n<ul class=\"wp-block-list\">\n<li><strong>Dr. Carlos Suntaxi G.<\/strong>, de la Escuela Polit\u00e9cnica Nacional de Quito-Ecuador.<\/li>\n\n\n\n<li><strong>Dr. Andr\u00e9s Cortes D\u00e1valos<\/strong>, de la Escuela Superior de C\u00f3mputo<\/li>\n\n\n\n<li><strong>Dr. Jorge Eli\u00e9cer C\u00e1rdenas Vargas<\/strong>, de la Corporaci\u00f3n Universitaria Minuto de Dios, Bogot\u00e1, Colombia.&nbsp;<\/li>\n<\/ul>\n\n\n\n<p><strong>Comit\u00e9 Cient\u00edfico<\/strong><\/p>\n\n\n\n<ul class=\"wp-block-list\">\n<li>MT. Mar\u00eda Hortensia Almaguer Cant\u00fa.<\/li>\n\n\n\n<li>Dr. Abdiel Emilio C\u00e1ceres Gonz\u00e1lez.<\/li>\n\n\n\n<li>Dr. Raymundo Dom\u00ednguez Col\u00edn.<\/li>\n\n\n\n<li>MT. Juan Roberto Hern\u00e1ndez Garibay.<\/li>\n\n\n\n<li>Dr. Jair Remigio Ju\u00e1rez.<\/li>\n<\/ul>\n\n\n\n<p><strong>Comit\u00e9 Organizador Local<\/strong><\/p>\n\n\n\n<ul class=\"wp-block-list\">\n<li>MT. Mar\u00eda Hortensia Almaguer Cant\u00fa.<\/li>\n\n\n\n<li>Dr. Raymundo Dom\u00ednguez Col\u00edn.<\/li>\n\n\n\n<li>MT. Juan Roberto Hern\u00e1ndez Garibay.<\/li>\n\n\n\n<li>Dr. Enrique Pecero Covarrubias.<\/li>\n\n\n\n<li>Dr. Jair Remigio Ju\u00e1rez.<\/li>\n<\/ul>\n\n\n\n<p><strong>Comit\u00e9 Organizador Externo<\/strong><\/p>\n\n\n\n<ul class=\"wp-block-list\">\n<li>Dra. Lil Mar\u00eda Xiba\u00ed Rodr\u00edguez Henr\u00edquez.<\/li>\n<\/ul>\n<\/div>\n<\/div>\n\n\n\n<p><strong>Constancias<\/strong><\/p>\n\n\n\n<p>Para todos los que participen como ponentes o participen con un cartel en el evento, se les extender\u00e1 una constancia de participaci\u00f3n. Los interesados deben de realizar su registro en el m\u00f3dulo correspondiente, que les otorgar\u00e1 un folio de registro. Los ponentes se har\u00e1n merecedores de una constancia con el nombre del autor y los coautores. \u00c9stas se enviar\u00e1n a la direcci\u00f3n electr\u00f3nica proporcionada por el participante en el sistema de registro. Es importante que el registro de los datos se realicen con cuidado, ya que as\u00ed aparecer\u00e1n en su constancia.<\/p>\n","protected":false},"excerpt":{"rendered":"<p>En el marco del 40 aniversario de la Divisi\u00f3n Acad\u00e9mica de Ciencias B\u00e1sicas, la Universidad Ju\u00e1rez Aut\u00f3noma de Tabasco ha organizado el Congreso Internacional de las Ciencias B\u00e1sicas y sus aplicaciones, a celebrarse del 22 al 26 de septiembre de 2025. Dentro de las actividades de este congreso, el Grupo de Investigaci\u00f3n Procesamiento Digital de [&hellip;]<\/p>\n","protected":false},"author":1,"featured_media":0,"parent":0,"menu_order":0,"comment_status":"closed","ping_status":"open","template":"","meta":{"footnotes":""},"class_list":["post-2","page","type-page","status-publish","hentry"],"_links":{"self":[{"href":"https:\/\/congresos.ujat.mx\/dacb\/wp-json\/wp\/v2\/pages\/2","targetHints":{"allow":["GET"]}}],"collection":[{"href":"https:\/\/congresos.ujat.mx\/dacb\/wp-json\/wp\/v2\/pages"}],"about":[{"href":"https:\/\/congresos.ujat.mx\/dacb\/wp-json\/wp\/v2\/types\/page"}],"author":[{"embeddable":true,"href":"https:\/\/congresos.ujat.mx\/dacb\/wp-json\/wp\/v2\/users\/1"}],"replies":[{"embeddable":true,"href":"https:\/\/congresos.ujat.mx\/dacb\/wp-json\/wp\/v2\/comments?post=2"}],"version-history":[{"count":7,"href":"https:\/\/congresos.ujat.mx\/dacb\/wp-json\/wp\/v2\/pages\/2\/revisions"}],"predecessor-version":[{"id":39,"href":"https:\/\/congresos.ujat.mx\/dacb\/wp-json\/wp\/v2\/pages\/2\/revisions\/39"}],"wp:attachment":[{"href":"https:\/\/congresos.ujat.mx\/dacb\/wp-json\/wp\/v2\/media?parent=2"}],"curies":[{"name":"wp","href":"https:\/\/api.w.org\/{rel}","templated":true}]}}